*z - 0*q. Suppose -2*p - 14 - 11 = 3*x, p + z = 0. Let y(n) = n + 11. Determine y(x).
4
Let b(o) = -4*o**3 - 15*o**2 - 11*o - 13. Let l be b(-3). Let i(j) = 3*j + 36. Determine i(l).
15
Let s(u) = 25*u**3 + 9*u**2 - 17*u + 27. Let q(k) = 9*k**3 + 4*k**2 - 6*k + 9. Let x(h) = 11*q(h) - 4*s(h). What is x(8)?
7
Let r(h) = h**2 - 10*h + 10. Let w(x) = -x - 5. Let o be w(-7). Let j = 409 + -399. Suppose -28 + j = -o*i. What is r(i)?
1
Let x(d) = -8*d**3 - 15*d**2 + 15*d + 83. Let v(s) = -13*s**3 - 13*s**2 + 16*s + 82. Let f(p) = 2*v(p) - 3*x(p). Determine f(8).
3
Suppose 4*p = 32*p - 28. Let y(q) = 64*q - 3. Determine y(p).
61
Let m(p) be the first derivative of -p**4/4 + p**3 + 5*p**2/2 + 3*p - 2261. Give m(4).
7
Suppose g - 3*g + 8 = 0. Suppose 0 = -g*p + 96. Let h(l) = p - 39 + 2*l + 15. Calculate h(5).
10
Suppose 4*u - 20 = -0*n + 4*n, -3*n = -3. Let a(m) = 2*m - u - 5*m + 3*m**2 - 3*m - 4*m**2. What is a(-4)?
2
Let d(p) = -p + 10. Let g(m) = m**3 + 39*m**2 + 270*m + 5. Let l be g(-9). Calculate d(l).
5
Suppose 184 - 104 = 10*b. Let i(p) = 2*p**2 - 16*p - 14. Calculate i(b).
-14
Let j(b) = -b - 1. Let m(x) be the third derivative of 5*x**4/24 + 5*x**3/6 + 14*x**2 + 1. Let o(r) = -6*j(r) - m(r). What is o(3)?
4
Let g(q) = 2*q**2 + 16*q + 3. Let v be ((-100)/(-1450) + (-31)/29)/(5/45). Give g(v).
21
Let d(r) = -r**3 + 8*r**2 + 2*r - 8. Let s be d(8). Let m(o) = -5*o + 7. Let x(z) = -2*z + 1. Let p(f) = m(f) - 2*x(f). What is p(s)?
-3
Suppose 6*d + 65 = 19*d. Let s(w) = 4*w - 8*w + w + 9*w - d. Calculate s(6).
31
Suppose -4*o = -7*g + 2*g - 58, -2*o + 34 = -5*g. Let y(p) = -11 - 7 - 2*p - 6 - o + 23. What is y(-5)?
-3
Let z(t) = -t**3 - 5*t**2 - 2*t - 6. Let a be z(-5). Let h(v) = -a*v + 4 - 1 + 1 + 1. Give h(3).
-7
Suppose 0 = -4*i - a - 4*a + 10, -4*i + 28 = -4*a. Let u(z) = 0*z + 6*z - 1 - z + i*z. Suppose -20*y - 49 = -9. Calculate u(y).
-21
Let x be 2/4*(11 + -3). Let p = 80 - 1. Let b(a) = -35*a**3 + p*a**3 - 2*a + 0 - 45*a**3 + 5*a**2 + 3. Give b(x).
11
Let w(n) = 15*n + 10. Let k(u) = -5 + 14*u + 1 + 4 - 12*u + 1. Let s(r) = -6*k(r) + w(r). Determine s(-6).
-14
Let k(z) = 8*z - 77. Let x(w) = -w - 12. Let f(y) = k(y) + x(y). Give f(13).
2
Let n = 80569 - 80575. Let x(u) be the first derivative of -u**4/12 - u**3/2 + 3*u**2 + u + 1. Let a(t) be the first derivative of x(t). Calculate a(n).
-12
Suppose 55*g - 46*g = -139*g + 1480. Let w(q) = q**3 - 12*q**2 + 22*q - 2. Calculate w(g).
18
Let q(d) = 12*d - 3. Let m(h) = h**2 + 13*h + 13. Let w be m(-13). Suppose 3*s + 2*k - 22 = 0, 5*k + 0*k - w = 3*s. Calculate q(s).
45
Let j(l) be the third derivative of -l**5/60 - 7*l**4/12 - 14*l**3/3 - 57*l**2. Let k be j(-10). Let i(x) = x - 5. Give i(k).
7
Let q(a) = -7*a**2 - 11*a - 2. Let m(t) = -19*t**2 - 32*t - 5. Let u be (2 - 20/(-12))*3. Let r(g) = u*q(g) - 4*m(g). Determine r(5).
8
Let o(q) = -1. Let r(s) = -4*s**2 - 4*s + 4. Let y(b) = -8*o(b) + r(b). Calculate y(-5).
-68
Suppose 9 = q + 3. Let o(t) = -14*t + 12. Let r(s) = -30*s - 1 + 33 - 7 + 0. Let k(l) = -13*o(l) + 6*r(l). What is k(q)?
6
Let x = 20609 - 20598. Let y(u) = 29*u - 327. What is y(x)?
-8
Let s(r) = r + 5. Let q(x) be the third derivative of x**4/3 - 17*x**3 + 5*x**2 + 13. Let p be q(12). Determine s(p).
-1
Let u(o) = -20*o**2 + 1 - 9*o**2 - 18*o**2 + 2*o + o**3 + 42*o**2. Suppose -x - 6 = -3*x. Calculate u(x).
-11
Let t(u) be the third derivative of u**4/24 + 11*u**3/6 + 9925*u**2. Calculate t(12).
23
Let q(m) = -m**2 + 5*m - 22. Let k be ((-1)/4)/(25/300)*-1. Calculate q(k).
-16
Let u(n) = n**3 - 11*n**2 + 9*n + 13. Suppose 0 = -10*x + 2*x - 3600. Let j = 460 + x. Give u(j).
3
Let m(k) = 10281743 - 10281741 + 153*k - 6*k**2 - 155*k. Let o be 4/6 - 2/(-6). Determine m(o).
-6
Let x(d) = -6*d + 6. Suppose 0 = 27*a + 15 + 12. Let h be ((-119)/14 + 8)/(a/10). What is x(h)?
-24
Suppose -2*t - 2405 = -5*r + t, -3*t = 15. Let s(h) = 2 + 472*h**2 + r*h**2 + 3*h - 956*h**2 - h**3. Calculate s(-6).
-16
Let m(i) = -4*i. Suppose 0 = -29*c + 8*c + 42. Suppose s = 4*f - c*s + 1, -5*s = 5*f + 10. Calculate m(f).
4
Let k(p) be the third derivative of p**4/24 + 23*p**3/6 - 582*p**2. What is k(-10)?
13
Let y be ((-392)/70)/((-4)/10). Let p(n) = y*n**2 - 33*n - 136 + 95 + 31 + n**3. What is p(-16)?
6
Let d(c) = 24*c + 7 - c - 24*c. Let i = -78 - -72. Give d(i).
13
Suppose 2*y - 3*b = 5*y - 189, 4*y - 2*b = 222. Let d = y + -55. Let j(p) = -d - 167*p**2 + p - p**3 + 168*p**2 + 0*p. Determine j(0).
-3
Let l(b) = -36 + 12 - 8*b + 43. Give l(9).
-53
Let m(a) be the third derivative of a**6/120 - 2*a**5/15 + a**4/8 - 5*a**3/6 - 394*a**2. Give m(7).
-33
Let g(j) = j**3 - 4*j**2 + j - 2. Let w be g(4). Let i(x) = 7 - 4*x**2 + w*x + 3*x**2 - 6. Determine i(-1).
-2
Let y = 20 - 48. Let c = y - -48. Suppose -4*h - c + 0 = 0. Let u(a) = a**3 + 6*a**2 + 2*a - 3. Calculate u(h).
12
Suppose -9 = 141*a - 144*a. Let n(h) = 4*h**3 - 3*h**a + h**3 - 4 + 2. Give n(-2).
-18
Let h(c) = c**3 - 10*c**2 + 29*c - 51. Let b(x) = x**3 - 10*x**2 + 33*x - 54. Let z(s) = -6*b(s) + 7*h(s). Give z(11).
143
Let m be (5 - (-52)/(-8))*(-54)/(-27). Let t(f) = -21*f - 6. Calculate t(m).
57
Let a(h) = 3*h**2 - 13*h + 15. Let m(i) = -i**3 + 3*i**2 - 30*i + 205. Let n be m(5). Calculate a(n).
25
Let k(o) be the first derivative of o**4/6 - o**3 - o**2 - 50*o - 11. Let q(j) be the first derivative of k(j). Calculate q(5).
18
Suppose 5*z - 7*c - 1544 = -6*c, 0 = -3*z - 3*c + 930. Let p = -307 + z. Let n(t) = -2*t**2 + t - 1. Calculate n(p).
-7
Let d(p) = -3*p**3 - p**2 - 2. Let o(m) = -7*m**3 + 2*m**2 + 3*m - 4. Suppose -5 = -226*h + 221*h. Let l(a) = h*o(a) - 2*d(a). Let q = 5 + -1. What is l(q)?
12
Let w(i) = -5*i**2 - 3*i - 2. Suppose -u + 15 = 2*a - 2*u, 4*a + 2*u = 10. Let k be a/(-5) + 4 - -13. Suppose -5*g + 6 = k. Calculate w(g).
-16
Let h(p) = 50*p**3 + 19*p**2 - 18*p + 50. Let i(c) = -23*c**3 - 9*c**2 + 9*c - 25. Let z(t) = -6*h(t) - 13*i(t). Give z(3).
-2
Let x = 5958 + -5940. Let k(d) = d**3 - 18*d**2 - 2*d + 2. Determine k(x).
-34
Let h(j) = 54*j + 10 + 48*j - 147*j + 25 + 55*j. Give h(-3).
5
Suppose -165 + 117 = -4*b - 8*b. Let j(f) = -2*f**3 + f**2 + 6*f + 4. What is j(b)?
-84
Let h(l) = 9 - 23*l**2 - 1913*l - l**3 + 953*l + 938*l. Calculate h(-22).
9
Let v(d) be the second derivative of -d**5/60 - 17*d**4/24 - 11*d**3/3 + 135*d**2 - 261*d. Let t(u) be the first derivative of v(u). Give t(-16).
-6
Let y(d) = -70*d - 31. Let i(l) = -121*l - 52. Let x(m) = 7*i(m) - 12*y(m). Determine x(-1).
15
Let v be (2*-1)/((-304)/1368). Let u(s) = 4*s**2 - 37*s - 3. Give u(v).
-12
Let y(t) be the second derivative of 0 - 7/6*t**4 - 17*t + 11/6*t**3 + 21/2*t**2 + 1/20*t**5. Let a be y(13). Let x(n) = -2*n - 6. Determine x(a).
4
Let g(t) be the second derivative of 1/12*t**4 - 1/2*t**3 + 0 + 19*t - 7/2*t**2. Suppose y = -2*q + 11, 4*q - 7*q + 19 = 2*y. What is g(y)?
3
Let q be (5 + 2)*(8 - 9). Let i be (-7)/2*24/(-21). Let k(l) = 35*l - i - 37*l - 1 - 2. Calculate k(q).
7
Let h(w) = 179*w + 24*w**2 + 21*w**2 + 304302 - 304304. Determine h(-4).
2
Let v = -22 + 45. Let m = v - 4. Let k(x) = x**3 - 18*x**2 - 18*x - 14. What is k(m)?
5
Let y be -23 + 43/((-602)/(-168)). Let s(f) = f**2 + 19*f + 39. Give s(y).
-49
Suppose -2*x - w = 13, 4*x - 1163 = -w - 1188. Let g(z) = -z**3 - 7*z**2 + 8*z + 84. Calculate g(x).
0
Suppose 11 = 2*q - u, -2*q - 1537*u = -1535*u - 14. Let n(w) = -w**3 + 8*w**2 - 8*w + 22. Calculate n(q).
46
Let a(c) be the third derivative of 17*c**5/30 + c**4/8 - 4*c**3 + 235*c**2. Let z(q) = -11*q**2 - q + 9. Let s(b) = 3*a(b) + 8*z(b). Determine s(1).
15
Let m(d) = 11*d**3 + d - 1. Let k(p) = p**2 + 688*p - 2072. Let z be k(3). Give m(z).
11
Let s = 38 - 44. Let u(b) = -b**3 + b**2 - b + 5. Let q(y) = -5*y**3 - 3*y**2 - 10*y + 11. Let d(k) = q(k) - 4*u(k). Calculate d(s).
-9
Let f(g) = 6*g**3 - 2*g**2 + 4*g - 10. Let w be ((189/18)/(-21))/((-2)/12). Give f(w).
146
Let a(p) = 4*p**2 + 11*p + 6. Let m(u) = 9*u**2 + 23*u + 11. Let i = -42 - -45. Let c be -5 - (-5 + i + 4). Let n(w) = c*a(w) + 3*m(w). Give n(-6).
3
Let c(h) = 92 + 2*h**2 - h**2 - 89 + 2*h. Let u(m) = -m**2 - 9*m - 19. Let s be u(-11). Let y = s - -39. Determine c(y).
3
Let r(y) be the first derivative of y**2/2 - 16*y + 6150. What is r(-7)?
-23
Let b(g) = -8*